- j*z + 30 = 3*o, 2*o + 5*z - 29 = 0. What is the units digit of o?
7
Suppose j - 95 = -4*j. What is the units digit of j?
9
Suppose -n = -5*n + 64. Suppose 0 = -2*i + 8, x + 2*x + 17 = -i. Let y = x + n. What is the units digit of y?
9
Suppose 0 = -4*s - 473 + 141. Let o = s - -144. What is the tens digit of o?
6
Let v(p) = p**2 + 7*p + 6. Let y(q) = -q + 3. Let d be y(9). Let i be v(d). Suppose 3*m + i = 15. What is the units digit of m?
5
Let j = 34 + -77. Let v(r) = -2*r**3 - 2*r**2 + 4*r - 2. Let i be v(3). Let p = j - i. What is the units digit of p?
9
Let v(f) = f**2 - 15*f - 5. Let u be v(14). Let z = u - -23. What is the units digit of z?
4
Suppose -5*b + p = -41 - 27, b - 5*p - 28 = 0. What is the tens digit of b?
1
Suppose -5*j = x - j - 76, 3*x - 221 = -5*j. Suppose 4*u - 154 = -2*d + 4*d, -2*d - x = -2*u. What is the units digit of u?
1
What is the tens digit of -2 + 1 + (65 - -2)?
6
Let g = 2 - 5. Let c(o) = 2*o**2 + 3*o - 1. Let b be c(g). Suppose -b*l + 3*l + 5 = 0. What is the units digit of l?
1
Let k = 111 + -86. What is the tens digit of k?
2
Suppose 5*f - 2*t - t - 365 = 0, t = f - 73. What is the units digit of f?
3
Let y = -14 + 17. Suppose -3*b + 19 = q, 0 = -y*q + 2*b - 7*b + 61. What is the tens digit of q?
2
Let b(u) = -u**2 + 7*u + 7. Let p be b(9). Let f = p - -19. What is the units digit of f?
8
Let u = 157 + 145. What is the hundreds digit of u?
3
Let u = 62 + -12. Let y = u - 29. What is the tens digit of y?
2
Suppose 3*m = -m + 72. Suppose 0 = -0*n - 2*n + m. What is the units digit of n?
9
Let d be (3/(-6))/((-1)/2). Suppose g - d - 11 = 0. What is the units digit of g?
2
What is the units digit of -3*(-2 - 2 - 5)?
7
Let z = -2 + 55. What is the units digit of z?
3
Let h = -57 - -94. What is the tens digit of h?
3
Suppose -3*b - 1 = 3*y - 22, 2*y - 5*b = -7. Let d be y*3*(-3)/6. Let o = d + 12. What is the units digit of o?
6
Suppose 2*u = 5*y + 383, -9*u + 3*y = -11*u + 343. What is the tens digit of u?
7
Let s = -268 + 430. What is the hundreds digit of s?
1
Let r(t) be the third derivative of 1/60*t**5 + 2*t**2 + 1/6*t**4 + 0*t + 0 + t**3. What is the units digit of r(-5)?
1
Suppose 0 = -2*a - 2*a + 316. What is the tens digit of a?
7
What is the hundreds digit of (-14904)/(-42) - (-3)/21?
3
Suppose -2*j = -4*j + y + 50, 4*j + y = 88. Let a be ((-2)/1)/2 + 4. Suppose -a*d - 9 = -5*d + x, 4*d - x = j. What is the units digit of d?
7
Let h(c) = -6*c + 1. Suppose 0*b = b + 7. Let d be 2/b + (-10)/14. What is the units digit of h(d)?
7
Let a(i) = -i**2 - 3*i + 5. Let v be a(-5). Let w be (2/v)/(1/(-5)). What is the units digit of 8/4 + 1*w?
4
Let t(w) be the third derivative of w**5/20 - w**4/24 - w**3/6 + 4*w**2. What is the units digit of t(-4)?
1
Let p = -3 + 1. Let q be (0 - p) + 3 + -2. Let b = 3 + q. What is the units digit of b?
6
Suppose 2*q = 6*q - 4, -8 = 3*a - 5*q. What is the tens digit of 0 - a - 111/(-3)?
3
Suppose 4*z - 49 - 7 = 0. Suppose -y - y + z = 0. What is the units digit of y?
7
Suppose 2*v - 6 = v. What is the units digit of v?
6
Suppose -71 = -5*r + m + m, -5*m + 70 = 4*r. Let q = r - 10. What is the units digit of q?
5
Let m(p) = -p**3 + p. Let w(h) = -4*h**3 + h**2 - 4*h - 1. Let z(k) = -4*m(k) - w(k). What is the units digit of z(1)?
8
Suppose 5*x = 0, -3*g + 4*g + 14 = 5*x. What is the units digit of (-1)/(-3 + (-40)/g)?
7
Let i(b) be the third derivative of b**5/30 + 7*b**4/24 + b**3/3 - 6*b**2. Suppose -2*g = -4*m + 18, -g + 11 = -4*g - 2*m. What is the tens digit of i(g)?
1
Suppose 4*l + 4 = 0, -4*l = -5*y + 263 + 376. What is the tens digit of y?
2
Let d(f) = 2*f**2 + 5*f - 2. Let g be ((-4)/8 + 0)*10. What is the tens digit of d(g)?
2
Let m = 180 - 121. What is the tens digit of m?
5
Let t(a) = a**2 - 13*a - 14. What is the units digit of t(-12)?
6
Let q = 1 + 3. Suppose 0*w + q*w = 0. Suppose 0 = -w*u - 3*u + 36. What is the units digit of u?
2
Suppose -9*r - 824 = -4001. What is the tens digit of r?
5
Let v(c) = -2*c + 3. Let w(a) = -2*a**2 + 3*a + 3. Let x be w(3). What is the tens digit of v(x)?
1
Let z be 2/(-7) + (-1792)/(-98). Suppose k - z = -2*k. What is the units digit of k?
6
Let x be 3/((-3)/(-3) - 2). What is the tens digit of (-17 - -5)*10/x?
4
Suppose 0 = -3*i + 3. Let m be i*5/(15/27). Suppose 2*f - m = f. What is the units digit of f?
9
Let h(q) = q**3 + 7*q**2 - 11*q - 8. Suppose 3*c - 2*t + 25 = -t, 34 = -4*c + 2*t. Let l be h(c). Suppose 2*r + 2*r = l. What is the units digit of r?
4
Suppose -2*t + 12 = 2*t, 2*j - 107 = -5*t. What is the units digit of j?
6
Let d(i) = -i + 4. Let x be d(2). Let z(v) = v**3 - 2*v**2 - 2*v + 2. Let o be z(x). Let g = 4 + o. What is the units digit of g?
2
Let o(b) = -14*b + 4. Let h be o(-5). Suppose -3*f + r - h = -r, -4*r - 48 = f. What is the units digit of 5/7 + (-8)/f?
1
Let o(x) = x + 17. What is the tens digit of o(-7)?
1
Suppose 4*k - 4*q - 76 = 0, k + q - 16 = -q. Let d = k - 13. Let b = d + -2. What is the units digit of b?
3
Let j(c) = -c**3 - 6*c**2 - c - 7. Let d be (6/7)/(2/(-14)). Let w be j(d). Let t = 2 - w. What is the units digit of t?
3
Let j = 9 - 17. What is the tens digit of (-114)/j - (-1)/(-4)?
1
Let m = -101 + 142. What is the tens digit of m?
4
Let b(w) = -w + 23. What is the tens digit of b(-17)?
4
Let k(y) = -2*y - 1. Suppose 3*o + o = -8. What is the units digit of k(o)?
3
Let x(c) = -c**2 + 9*c + 3. Let z be x(6). Suppose 4*v - z = -5. Suppose -20 = -3*y - d + 11, 25 = y + v*d. What is the units digit of y?
9
Suppose 50 = 2*f + 2*r, -2*r = 4*f - r - 91. What is the units digit of f?
2
What is the units digit of (-9)/((2/(-7))/2)?
3
Let l(v) = -4*v + 93. What is the tens digit of l(0)?
9
Suppose f - 4*v - 191 = -2*f, -2*f + 124 = -2*v. What is the units digit of f?
7
Let s be 5/(-15)*12/2. Let v = 0 + s. What is the units digit of (7 - 0) + -2 - v?
7
Let y(u) = -u + 1. Let k be y(-5). Let f = 1 - 2. What is the units digit of f - (-16)/(k/3)?
7
What is the units digit of (165/(-44))/((-3)/40)?
0
Let u be -8 + 3 + -3 + 2. Let w(y) = -y**3 - 7*y**2 - 8*y - 9. Let s be w(u). Suppose -s*l + 6 = -9. What is the units digit of l?
5
What is the units digit of (-27)/(-45) - (0 - (-2)/(-5))?
1
Let y be 46/14 + 4/(-14). Let i(b) = -b**2 + 11*b - 9. Let k be i(7). Suppose -76 = -y*p - k. What is the tens digit of p?
1
Let n(f) = 2 - 3 - 5*f - 1. Let k be n(-2). Let z = k - -1. What is the units digit of z?
9
Let y = 20 + 44. What is the tens digit of y?
6
Let w = 2 + 2. Suppose -w*p + 2*p - 4 = 0. What is the units digit of 10 - p - (-2)/1?
4
Suppose -47 = -n + 39. What is the tens digit of n?
8
Suppose -h = -3*h + 92. What is the units digit of h?
6
What is the units digit of (-32)/16*41/(-2)?
1
Let z(v) = -v**2 + 5*v + 3. Let j be z(5). Let g(q) = 3*q**2 + 3. Let c(s) = 3*s**2 - s + 2. Let w(a) = 4*c(a) - 3*g(a). What is the units digit of w(j)?
4
Let n = 14 + -9. Suppose -h + n*m = -20, 4*m + 8 = 3*h - 19. What is the units digit of 4/(12/h)*3?
5
Let y be (-2)/(-1*1/18). Suppose 0 = -4*q + 2*q + y. What is the tens digit of q?
1
Let z(c) = -c**2 + 15. What is the tens digit of z(0)?
1
What is the tens digit of -3 - (-2 - (-32)/(-2))?
1
Let z(a) = -a**3 - 2*a**2 + a. Let u be z(1). Let i be ((-1)/u)/((-4)/(-24)). Suppose 5 = i*k - 1. What is the units digit of k?
2
Let w(v) = v**3 + v**2 - 5*v - 2. Let d be w(-3). Let g = 13 + d. What is the units digit of g?
8
What is the tens digit of 153/2 + (-15)/(-30)?
7
Suppose -729 = -8*b + 167. What is the hundreds digit of b?
1
Suppose -371 = -5*y + k, 0*k = 5*y - 2*k - 367. Suppose 2*f = -3*f + y. Suppose b - 21 = -3*b - 3*a, 3*b = -2*a + f. What is the units digit of b?
3
Let a(i) = i**3 + 7*i**2 + 5*i - 1. Let c be a(-6). Let k(p) = -p**3 - 8*p**2 - 3*p**3 + 5 + 5*p**3 + 3*p**2. What is the units digit of k(c)?
5
Suppose 6*l - 4*l + 6 = 0, 0 = -d - 4*l - 11. Suppose 4*a + 7 = -d. What is the units digit of 2/(a - -3) + 7?
9
Let j(t) = t - 2. Let z be j(-9). Let p = -7 - z. What is the units digit of p?
4
Suppose -3*p + 6 = 4*z - 9, -p + 3*z = -18. Suppose p = 3*i - 0. Suppose -2*k - j = 2*j + 6, 5*j + 11 = -i*k. What is the units digit of k?
3
Let s(x) = 3*x - 1. Let j be s(1). Suppose 2*h - 3 = 5. Suppose m = -3*i - j*i + 8, i - h = m. What is the units d